.
5, 199
Suppose 3*n = -5*y + 9377, 4*y - 6*y + 3*n = -3734. List the prime factors of y.
1873
Let o be 6/(-18) + (-2848)/(-12). Suppose 69*n - 72*n = -o. List the prime factors of n.
79
Let d = 756 - 280. What are the prime factors of d?
2, 7, 17
Let v(d) = -13*d**3 - 5*d**2 + 2*d + 8. List the prime factors of v(-3).
2, 7, 11
Let w(s) = -s**3 + 13*s**2 + 4*s - 96. Let h be w(13). Let m = -167 + 93. Let n = h - m. What are the prime factors of n?
2, 3, 5
Let p(c) = -2*c**2 + 10*c - 5. Let w be p(10). Let r = 236 + w. What are the prime factors of r?
131
Let j(c) = -c + 23. Let y be j(10). Let i(g) = -g**3 + 13*g**2 + 4*g + 4. What are the prime factors of i(y)?
2, 7
Let j be (3 - 3 - 2) + 4. Let h(c) = 31*c**3 - 2*c**2 + 2*c + 2. Let f be h(j). Suppose -51 + f = 5*k. What are the prime factors of k?
3, 13
Let z = 25 - 14. Let w = 11 - z. Suppose w = -14*r + 10*r + 20. What are the prime factors of r?
5
Suppose 3*r + r = 0. Suppose k + 3*x - 40 + 8 = r, 4*x - 76 = -3*k. Let b = 34 - k. List the prime factors of b.
2, 7
Suppose -3*k = -9, 9 = 3*c + c + 3*k. Suppose c = 2*u + 3*u - 25. Suppose m - 1 = -2, -5*m + 45 = u*p. List the prime factors of p.
2, 5
Let o(i) = 3*i - 2. Let v be o(2). Suppose -3*z + v*s + 3 = 0, 0 = -2*z - 5*s + 2. Suppose 3*n - 2*a + z = 57, 0 = 4*a + 4. What are the prime factors of n?
2, 3
Let m(b) = 2*b**2 + 2*b. Suppose 23 = 4*k + 3*d, -2*k - 4*d + 24 = -0*d. Let y be m(k). Suppose -3*h + 12 = -y. List the prime factors of h.
2
Let p = -1315 - -2278. Suppose x = -5*y - 377 + p, -3*y = -3*x - 366. What are the prime factors of y?
2, 59
Let h(o) = 13*o - 2. Let k(f) = -f**2 + f + 4. Let y be k(0). List the prime factors of h(y).
2, 5
Let a(j) = -j**2 + 9*j + 2430. List the prime factors of a(0).
2, 3, 5
Suppose -3*u - 5*z + 7 = -3, -3 = 3*z. Suppose -p + 2*o = -3*p + 76, 0 = 3*p - u*o - 130. Let x = -20 + p. List the prime factors of x.
2, 5
Let s(q) = -q + 3. Let l be s(-3). Let r = -7 + l. List the prime factors of -1 - 1/r - -4.
2
Suppose 296 = 59*r - 55*r. What are the prime factors of r?
2, 37
Let v = 5 - 16. Suppose -2*o + 54 = -4*p, -116 = -5*o - 3*p + 45. Let r = v + o. List the prime factors of r.
2, 5
Let t(s) = 3*s - 7. Let q(p) = -5*p + 14. Let l(w) = -4*q(w) - 7*t(w). Let o be l(-11). Suppose -o*r + r = -117. What are the prime factors of r?
3, 13
Suppose 0 = -7*o + 6*o + 85. Suppose -2*t = 4*m - 50, -2*t - 2*m + o = 3*t. What are the prime factors of t?
3, 5
Suppose -3*d = -8 - 1, -2*r = -2*d - 574. Suppose 67*w - r = 65*w. What are the prime factors of w?
5, 29
Let s be (-1521)/13 - (4 + 0/2). Let o = s - -227. List the prime factors of o.
2, 53
Suppose 0 = -2*v + 2 - 8. Let y be (29 - 2)/(v/(-2)). Let l = y - 16. What are the prime factors of l?
2
Suppose 3*v - g = -43, -g + 3*g + 26 = -v. Let t = v - -64. Let n = t + -20. List the prime factors of n.
2, 7
Suppose -3*g + c + 3117 = -1879, -2*g + 3339 = c. List the prime factors of g.
1667
Let q(j) = -j**2 + 4*j + 4. Let u be q(7). Let v = u + 22. Suppose 11 = v*z - 134. What are the prime factors of z?
29
Let c be (-4)/(-20) - (-4)/5. Let b be 6*(c + 35/(-3)). What are the prime factors of b/(-6) + 28/(-42)?
2, 5
Suppose -3972 = -13*u + u. List the prime factors of u.
331
Let r(m) = 172*m**2 + 28*m - 4. What are the prime factors of r(-5)?
2, 1039
Suppose 3*i + 4*f - 81 = 0, -5*f = i - 13 - 14. Let g be (-89 + 1)/((-18)/i). Suppose g = -l + 4*l. List the prime factors of l.
2, 11
Suppose -2*u + 296 = -5*k, 2*u = 2*k - 2*u + 112. Let d = k - -118. What are the prime factors of d?
2, 29
Suppose 0 = -8*b + 10*b - 7444. List the prime factors of b.
2, 1861
List the prime factors of (-2 + (-6)/4)*-1502.
7, 751
Let h(j) = 3*j**2 + 3*j + 3. Let d be h(-3). Suppose -5*b - t + 3*t + d = 0, 4*t - 23 = -3*b. List the prime factors of b.
5
Let b be (-3 + 2)/(3/(-30)). What are the prime factors of (36/b)/(1/30)?
2, 3
Suppose -3*t + 8*t = -5. Suppose 4*n = 2*p - 2, 5*p = 3*n + 2*n + 10. What are the prime factors of t + (-4)/(-1) + n?
2
Let s be (1 + -1 - 4/10)*-15. Let v(a) = a**3 - 4*a**2 - 5*a + 10. List the prime factors of v(s).
2, 13
Suppose v - 12 = -3. What are the prime factors of 7/((v/24)/3)?
2, 7
Suppose -4*y - x + 20 = 0, 0*y + y - 4*x = -12. Let j(g) = -y*g + 1 + 6*g**2 + g**3 - 5 + g - 4. What are the prime factors of j(-6)?
2, 5
Let k(q) = -6*q - 58. Let z be k(-10). Suppose z*h + 4*a = 320, h - 4*a = -0*h + 142. What are the prime factors of h?
2, 7, 11
Suppose 28*v = 52*v - 20112. List the prime factors of v.
2, 419
Suppose 4*w + 4645 = j, 5*w = -4*j - 0*w + 18643. What are the prime factors of j?
4657
Let c(j) = j**2 - 9*j - 13. Suppose 2*z - 2 = 10. Let t be c(z). Let o = 62 + t. What are the prime factors of o?
31
Suppose -4*f + 2900 + 1012 = 0. What are the prime factors of f?
2, 3, 163
Suppose -15 = -d - 2*j, -7*d + 5*j + 8 = -3*d. Suppose 3*u - d*u - 16 = 0. What are the prime factors of (-63)/u + 4/16?
2
Suppose 32 = -0*r + 8*r. List the prime factors of r.
2
Suppose a - 6*a + h + 3195 = 0, 0 = -2*a + h + 1278. List the prime factors of a.
3, 71
Let h(p) = 129*p**2 - 17*p + 11. What are the prime factors of h(-6)?
67, 71
Suppose c - 2*f + 0*f = -3, 2*f + 3 = 3*c. Suppose 7*u = c*u - 16. Let y(z) = -9*z + 3. List the prime factors of y(u).
3, 13
Let x(l) be the second derivative of 3/2*l**2 + 1/6*l**3 + 5*l + 0. List the prime factors of x(11).
2, 7
Suppose -2*l = 2*s + 144, -4*s - 148 = -2*s + 3*l. Let d = s + 123. What are the prime factors of d?
5, 11
Let u(b) = -3*b - 15. Let w(q) = 9*q + 17*q + 75 - 10*q. Let h(l) = -11*u(l) - 2*w(l). What are the prime factors of h(-11)?
2
Let c = 452 - 216. What are the prime factors of c?
2, 59
Let v(s) = -44*s + 136. What are the prime factors of v(-29)?
2, 353
What are the prime factors of 77945/21 + (-4)/6 + -2?
3709
Let p(a) = a**3 + 9*a**2 + 4*a + 2. Let s be (-39)/9 - (-12)/(-18). What are the prime factors of p(s)?
2, 41
Suppose 0 = -g + 5*m + 12, -5*m + 15 = -10. Let b = 41 - g. List the prime factors of b.
2
Let b = -12 - -18. Suppose -h - 50 = -b*h. List the prime factors of (-557)/(-13) + h/65.
43
What are the prime factors of 0 + -5 - -1611*(-2 + 3)?
2, 11, 73
Suppose -2*g - 7 = -u, 5*u + 3 = -4*g + 24. Suppose 3*w - 204 = 4*x, 4*x = 3*w + u*x - 219. List the prime factors of w/(-5)*(-10)/2.
2, 3
Suppose 0*b - 2*b = 0. Let z be (-180)/(-54)*9/6. Suppose -4*x = 8, -5*q = -b*x + z*x - 30. List the prime factors of q.
2
Let o = -33 + 71. Let m = 18 - o. Let z = 27 + m. What are the prime factors of z?
7
List the prime factors of ((-948)/16)/(4/(-112)).
3, 7, 79
Suppose 9*r - 12*r = -3*v - 4326, 2*r - 3*v = 2888. List the prime factors of r.
2, 719
Suppose 3*u - 4*r - 141 + 47 = 0, -4*u = r - 157. Suppose 3*z - u - 124 = -j, -4*j = 5*z - 263. List the prime factors of z.
5, 11
Let r be ((-18)/12)/(2/(-12)). Suppose -r*y - 6 + 276 = 0. List the prime factors of y.
2, 3, 5
Let x(i) = 79*i + 10. Suppose -s - 4*d - 4 = -14, -2*d + 14 = 5*s. List the prime factors of x(s).
2, 3, 7
Let b = 264 + -217. What are the prime factors of b?
47
Suppose 65 = -7*p + 2*p. Let t = 23 + p. Suppose -3*r = -t - 8. List the prime factors of r.
2, 3
Let y = -913 - -1074. What are the prime factors of y?
7, 23
What are the prime factors of 594/(-153) - -4 - (-25379)/17?
1493
Let o(y) = -12*y. Let b be o(-1). Suppose -b*h + 8*h + 736 = 0. Suppose h = 6*u - 2*u. What are the prime factors of u?
2, 23
Let x = 4 + -1. Suppose -74 = -x*t + 55. Suppose -4 = 3*f - t. What are the prime factors of f?
13
Let f(k) = -k + 15. Let p be f(6). Suppose -i - p = -39. List the prime factors of i.
2, 3, 5
Let x(c) be the third derivative of -c**4/12 + 7*c**3/6 + 5*c**2. Let z be x(5). List the prime factors of z*(-10)/12*6.
3, 5
Let g(i) be the first derivative of i**4/4 - i**3/3 - i**2 + 75*i + 23. What are the prime factors of g(0)?
3, 5
Let v = -2070 + 560. List the prime factors of v/(-12) - (161/42 - 4).
2, 3, 7
Let u = 5 + -5. Let i(a) = 6 + 15 + a + 1 + a. What are the prime factors of i(u)?
2, 11
Let n(m) = 2*m**2 - 3*m + 5. Let d be n(-7). Suppose 2*o + 0*o = d. Suppose -4*q + 10 + o = 0. List the prime factors of q.
2, 3
Suppose 30*g - 205788 = -36*g. List the prime factors of g.
2, 1559
Suppose 3*c - 15 = 0, -8*u - 457 =